{"id":800,"date":"2025-03-16T18:28:44","date_gmt":"2025-03-16T17:28:44","guid":{"rendered":"https:\/\/opg-kelecic.hr\/?post_type=product&#038;p=800"},"modified":"2025-04-29T20:21:41","modified_gmt":"2025-04-29T19:21:41","slug":"breskva-i-marelica","status":"publish","type":"product","link":"https:\/\/opg-kelecic.hr\/?product=breskva-i-marelica","title":{"rendered":"Breskva i marelica"},"content":{"rendered":"<p>D\u017eem od breskve i marelice sastoji se od jednakih udjela breskve i marelice te 8% \u0161e\u0107era uz dodatak soka od limuna.<\/p>\n","protected":false},"excerpt":{"rendered":"<p>D\u017eem od Breskve i marelice.<\/p>\n","protected":false},"featured_media":801,"template":"","meta":[],"product_brand":[],"product_cat":[39],"product_tag":[],"class_list":{"0":"post-800","1":"product","2":"type-product","3":"status-publish","4":"has-post-thumbnail","6":"product_cat-dzemovi","8":"first","9":"instock","10":"shipping-taxable","11":"purchasable","12":"product-type-simple"},"yoast_head":"<!-- This site is optimized with the Yoast SEO plugin v25.2 - https:\/\/yoast.com\/wordpress\/plugins\/seo\/ -->\n<title>Breskva i marelica - OPG Kele\u010di\u0107<\/title>\n<meta name=\"robots\" content=\"index, follow, max-snippet:-1, max-image-preview:large, max-video-preview:-1\" \/>\n<link rel=\"canonical\" href=\"https:\/\/opg-kelecic.hr\/?product=breskva-i-marelica\" \/>\n<meta property=\"og:locale\" content=\"hr_HR\" \/>\n<meta property=\"og:type\" content=\"article\" \/>\n<meta property=\"og:title\" content=\"Breskva i marelica - OPG Kele\u010di\u0107\" \/>\n<meta property=\"og:description\" content=\"D\u017eem od Breskve i marelice.\" \/>\n<meta property=\"og:url\" content=\"https:\/\/opg-kelecic.hr\/?product=breskva-i-marelica\" \/>\n<meta property=\"og:site_name\" content=\"OPG Kele\u010di\u0107\" \/>\n<meta property=\"article:publisher\" content=\"https:\/\/www.facebook.com\/p\/OPG-Kelei-100057955245978\/?locale=hr_HR&amp;_rdr\" \/>\n<meta property=\"article:modified_time\" content=\"2025-04-29T19:21:41+00:00\" \/>\n<meta property=\"og:image\" content=\"https:\/\/opg-kelecic.hr\/wp-content\/uploads\/2025\/03\/WhatsApp-Slika-2025-03-16-u-18.12.48_30049d09.jpg\" \/>\n\t<meta property=\"og:image:width\" content=\"1200\" \/>\n\t<meta property=\"og:image:height\" content=\"1600\" \/>\n\t<meta property=\"og:image:type\" content=\"image\/jpeg\" \/>\n<meta name=\"twitter:card\" content=\"summary_large_image\" \/>\n<meta name=\"twitter:label1\" content=\"Procijenjeno vrijeme \u010ditanja\" \/>\n\t<meta name=\"twitter:data1\" content=\"1 minuta\" \/>\n<script type=\"application\/ld+json\" class=\"yoast-schema-graph\">{\"@context\":\"https:\/\/schema.org\",\"@graph\":[{\"@type\":\"WebPage\",\"@id\":\"https:\/\/opg-kelecic.hr\/?product=breskva-i-marelica\",\"url\":\"https:\/\/opg-kelecic.hr\/?product=breskva-i-marelica\",\"name\":\"Breskva i marelica - OPG Kele\u010di\u0107\",\"isPartOf\":{\"@id\":\"https:\/\/opg-kelecic.hr\/#website\"},\"primaryImageOfPage\":{\"@id\":\"https:\/\/opg-kelecic.hr\/?product=breskva-i-marelica#primaryimage\"},\"image\":{\"@id\":\"https:\/\/opg-kelecic.hr\/?product=breskva-i-marelica#primaryimage\"},\"thumbnailUrl\":\"https:\/\/opg-kelecic.hr\/wp-content\/uploads\/2025\/03\/WhatsApp-Slika-2025-03-16-u-18.12.48_30049d09.jpg\",\"datePublished\":\"2025-03-16T17:28:44+00:00\",\"dateModified\":\"2025-04-29T19:21:41+00:00\",\"breadcrumb\":{\"@id\":\"https:\/\/opg-kelecic.hr\/?product=breskva-i-marelica#breadcrumb\"},\"inLanguage\":\"hr\",\"potentialAction\":[{\"@type\":\"ReadAction\",\"target\":[\"https:\/\/opg-kelecic.hr\/?product=breskva-i-marelica\"]}]},{\"@type\":\"ImageObject\",\"inLanguage\":\"hr\",\"@id\":\"https:\/\/opg-kelecic.hr\/?product=breskva-i-marelica#primaryimage\",\"url\":\"https:\/\/opg-kelecic.hr\/wp-content\/uploads\/2025\/03\/WhatsApp-Slika-2025-03-16-u-18.12.48_30049d09.jpg\",\"contentUrl\":\"https:\/\/opg-kelecic.hr\/wp-content\/uploads\/2025\/03\/WhatsApp-Slika-2025-03-16-u-18.12.48_30049d09.jpg\",\"width\":1200,\"height\":1600},{\"@type\":\"BreadcrumbList\",\"@id\":\"https:\/\/opg-kelecic.hr\/?product=breskva-i-marelica#breadcrumb\",\"itemListElement\":[{\"@type\":\"ListItem\",\"position\":1,\"name\":\"Po\u010detna stranica\",\"item\":\"https:\/\/opg-kelecic.hr\/\"},{\"@type\":\"ListItem\",\"position\":2,\"name\":\"Proizvodi\",\"item\":\"https:\/\/opg-kelecic.hr\/?page_id=403\"},{\"@type\":\"ListItem\",\"position\":3,\"name\":\"Breskva i marelica\"}]},{\"@type\":\"WebSite\",\"@id\":\"https:\/\/opg-kelecic.hr\/#website\",\"url\":\"https:\/\/opg-kelecic.hr\/\",\"name\":\"OPG Kele\u010di\u0107\",\"description\":\"Obiteljsko poljoprivredno gospodarstvo Kele\u010di\u0107\",\"publisher\":{\"@id\":\"https:\/\/opg-kelecic.hr\/#organization\"},\"potentialAction\":[{\"@type\":\"SearchAction\",\"target\":{\"@type\":\"EntryPoint\",\"urlTemplate\":\"https:\/\/opg-kelecic.hr\/?s={search_term_string}\"},\"query-input\":{\"@type\":\"PropertyValueSpecification\",\"valueRequired\":true,\"valueName\":\"search_term_string\"}}],\"inLanguage\":\"hr\"},{\"@type\":\"Organization\",\"@id\":\"https:\/\/opg-kelecic.hr\/#organization\",\"name\":\"OPG Kele\u010di\u0107\",\"url\":\"https:\/\/opg-kelecic.hr\/\",\"logo\":{\"@type\":\"ImageObject\",\"inLanguage\":\"hr\",\"@id\":\"https:\/\/opg-kelecic.hr\/#\/schema\/logo\/image\/\",\"url\":\"https:\/\/opg-kelecic.hr\/wp-content\/uploads\/2015\/03\/cropped-logo.jpg\",\"contentUrl\":\"https:\/\/opg-kelecic.hr\/wp-content\/uploads\/2015\/03\/cropped-logo.jpg\",\"width\":684,\"height\":290,\"caption\":\"OPG Kele\u010di\u0107\"},\"image\":{\"@id\":\"https:\/\/opg-kelecic.hr\/#\/schema\/logo\/image\/\"},\"sameAs\":[\"https:\/\/www.facebook.com\/p\/OPG-Kelei-100057955245978\/?locale=hr_HR&_rdr\"]}]}<\/script>\n<!-- \/ Yoast SEO plugin. -->","yoast_head_json":{"title":"Breskva i marelica - OPG Kele\u010di\u0107","robots":{"index":"index","follow":"follow","max-snippet":"max-snippet:-1","max-image-preview":"max-image-preview:large","max-video-preview":"max-video-preview:-1"},"canonical":"https:\/\/opg-kelecic.hr\/?product=breskva-i-marelica","og_locale":"hr_HR","og_type":"article","og_title":"Breskva i marelica - OPG Kele\u010di\u0107","og_description":"D\u017eem od Breskve i marelice.","og_url":"https:\/\/opg-kelecic.hr\/?product=breskva-i-marelica","og_site_name":"OPG Kele\u010di\u0107","article_publisher":"https:\/\/www.facebook.com\/p\/OPG-Kelei-100057955245978\/?locale=hr_HR&_rdr","article_modified_time":"2025-04-29T19:21:41+00:00","og_image":[{"width":1200,"height":1600,"url":"https:\/\/opg-kelecic.hr\/wp-content\/uploads\/2025\/03\/WhatsApp-Slika-2025-03-16-u-18.12.48_30049d09.jpg","type":"image\/jpeg"}],"twitter_card":"summary_large_image","twitter_misc":{"Procijenjeno vrijeme \u010ditanja":"1 minuta"},"schema":{"@context":"https:\/\/schema.org","@graph":[{"@type":"WebPage","@id":"https:\/\/opg-kelecic.hr\/?product=breskva-i-marelica","url":"https:\/\/opg-kelecic.hr\/?product=breskva-i-marelica","name":"Breskva i marelica - OPG Kele\u010di\u0107","isPartOf":{"@id":"https:\/\/opg-kelecic.hr\/#website"},"primaryImageOfPage":{"@id":"https:\/\/opg-kelecic.hr\/?product=breskva-i-marelica#primaryimage"},"image":{"@id":"https:\/\/opg-kelecic.hr\/?product=breskva-i-marelica#primaryimage"},"thumbnailUrl":"https:\/\/opg-kelecic.hr\/wp-content\/uploads\/2025\/03\/WhatsApp-Slika-2025-03-16-u-18.12.48_30049d09.jpg","datePublished":"2025-03-16T17:28:44+00:00","dateModified":"2025-04-29T19:21:41+00:00","breadcrumb":{"@id":"https:\/\/opg-kelecic.hr\/?product=breskva-i-marelica#breadcrumb"},"inLanguage":"hr","potentialAction":[{"@type":"ReadAction","target":["https:\/\/opg-kelecic.hr\/?product=breskva-i-marelica"]}]},{"@type":"ImageObject","inLanguage":"hr","@id":"https:\/\/opg-kelecic.hr\/?product=breskva-i-marelica#primaryimage","url":"https:\/\/opg-kelecic.hr\/wp-content\/uploads\/2025\/03\/WhatsApp-Slika-2025-03-16-u-18.12.48_30049d09.jpg","contentUrl":"https:\/\/opg-kelecic.hr\/wp-content\/uploads\/2025\/03\/WhatsApp-Slika-2025-03-16-u-18.12.48_30049d09.jpg","width":1200,"height":1600},{"@type":"BreadcrumbList","@id":"https:\/\/opg-kelecic.hr\/?product=breskva-i-marelica#breadcrumb","itemListElement":[{"@type":"ListItem","position":1,"name":"Po\u010detna stranica","item":"https:\/\/opg-kelecic.hr\/"},{"@type":"ListItem","position":2,"name":"Proizvodi","item":"https:\/\/opg-kelecic.hr\/?page_id=403"},{"@type":"ListItem","position":3,"name":"Breskva i marelica"}]},{"@type":"WebSite","@id":"https:\/\/opg-kelecic.hr\/#website","url":"https:\/\/opg-kelecic.hr\/","name":"OPG Kele\u010di\u0107","description":"Obiteljsko poljoprivredno gospodarstvo Kele\u010di\u0107","publisher":{"@id":"https:\/\/opg-kelecic.hr\/#organization"},"potentialAction":[{"@type":"SearchAction","target":{"@type":"EntryPoint","urlTemplate":"https:\/\/opg-kelecic.hr\/?s={search_term_string}"},"query-input":{"@type":"PropertyValueSpecification","valueRequired":true,"valueName":"search_term_string"}}],"inLanguage":"hr"},{"@type":"Organization","@id":"https:\/\/opg-kelecic.hr\/#organization","name":"OPG Kele\u010di\u0107","url":"https:\/\/opg-kelecic.hr\/","logo":{"@type":"ImageObject","inLanguage":"hr","@id":"https:\/\/opg-kelecic.hr\/#\/schema\/logo\/image\/","url":"https:\/\/opg-kelecic.hr\/wp-content\/uploads\/2015\/03\/cropped-logo.jpg","contentUrl":"https:\/\/opg-kelecic.hr\/wp-content\/uploads\/2015\/03\/cropped-logo.jpg","width":684,"height":290,"caption":"OPG Kele\u010di\u0107"},"image":{"@id":"https:\/\/opg-kelecic.hr\/#\/schema\/logo\/image\/"},"sameAs":["https:\/\/www.facebook.com\/p\/OPG-Kelei-100057955245978\/?locale=hr_HR&_rdr"]}]}},"_links":{"self":[{"href":"https:\/\/opg-kelecic.hr\/index.php?rest_route=\/wp\/v2\/product\/800","targetHints":{"allow":["GET"]}}],"collection":[{"href":"https:\/\/opg-kelecic.hr\/index.php?rest_route=\/wp\/v2\/product"}],"about":[{"href":"https:\/\/opg-kelecic.hr\/index.php?rest_route=\/wp\/v2\/types\/product"}],"wp:featuredmedia":[{"embeddable":true,"href":"https:\/\/opg-kelecic.hr\/index.php?rest_route=\/wp\/v2\/media\/801"}],"wp:attachment":[{"href":"https:\/\/opg-kelecic.hr\/index.php?rest_route=%2Fwp%2Fv2%2Fmedia&parent=800"}],"wp:term":[{"taxonomy":"product_brand","embeddable":true,"href":"https:\/\/opg-kelecic.hr\/index.php?rest_route=%2Fwp%2Fv2%2Fproduct_brand&post=800"},{"taxonomy":"product_cat","embeddable":true,"href":"https:\/\/opg-kelecic.hr\/index.php?rest_route=%2Fwp%2Fv2%2Fproduct_cat&post=800"},{"taxonomy":"product_tag","embeddable":true,"href":"https:\/\/opg-kelecic.hr\/index.php?rest_route=%2Fwp%2Fv2%2Fproduct_tag&post=800"}],"curies":[{"name":"wp","href":"https:\/\/api.w.org\/{rel}","templated":true}]}}

<p>Džem od breskve i marelice sastoji se od jednakih udjela breskve i marelice te 8% šećera uz dodatak soka od limuna.</p>

<p>Džem od Breskve i marelice.</p>

<!-- This site is optimized with the Yoast SEO plugin v25.2 - https://yoast.com/wordpress/plugins/seo/ -->
<title>Breskva i marelica - OPG Kelečić</title>
<meta name="robots" content="index, follow, max-snippet:-1, max-image-preview:large, max-video-preview:-1" />
<link rel="canonical" href="https://opg-kelecic.hr/?product=breskva-i-marelica" />
<meta property="og:locale" content="hr_HR" />
<meta property="og:type" content="article" />
<meta property="og:title" content="Breskva i marelica - OPG Kelečić" />
<meta property="og:description" content="Džem od Breskve i marelice." />
<meta property="og:url" content="https://opg-kelecic.hr/?product=breskva-i-marelica" />
<meta property="og:site_name" content="OPG Kelečić" />
<meta property="article:publisher" content="https://www.facebook.com/p/OPG-Kelei-100057955245978/?locale=hr_HR&amp;_rdr" />
<meta property="article:modified_time" content="2025-04-29T19:21:41+00:00" />
<meta property="og:image" content="https://opg-kelecic.hr/wp-content/uploads/2025/03/WhatsApp-Slika-2025-03-16-u-18.12.48_30049d09.jpg" />
	<meta property="og:image:width" content="1200" />
	<meta property="og:image:height" content="1600" />
	<meta property="og:image:type" content="image/jpeg" />
<meta name="twitter:card" content="summary_large_image" />
<meta name="twitter:label1" content="Procijenjeno vrijeme čitanja" />
	<meta name="twitter:data1" content="1 minuta" />
<script type="application/ld+json" class="yoast-schema-graph">{"@context":"https://schema.org","@graph":[{"@type":"WebPage","@id":"https://opg-kelecic.hr/?product=breskva-i-marelica","url":"https://opg-kelecic.hr/?product=breskva-i-marelica","name":"Breskva i marelica - OPG Kelečić","isPartOf":{"@id":"https://opg-kelecic.hr/#website"},"primaryImageOfPage":{"@id":"https://opg-kelecic.hr/?product=breskva-i-marelica#primaryimage"},"image":{"@id":"https://opg-kelecic.hr/?product=breskva-i-marelica#primaryimage"},"thumbnailUrl":"https://opg-kelecic.hr/wp-content/uploads/2025/03/WhatsApp-Slika-2025-03-16-u-18.12.48_30049d09.jpg","datePublished":"2025-03-16T17:28:44+00:00","dateModified":"2025-04-29T19:21:41+00:00","breadcrumb":{"@id":"https://opg-kelecic.hr/?product=breskva-i-marelica#breadcrumb"},"inLanguage":"hr","potentialAction":[{"@type":"ReadAction","target":["https://opg-kelecic.hr/?product=breskva-i-marelica"]}]},{"@type":"ImageObject","inLanguage":"hr","@id":"https://opg-kelecic.hr/?product=breskva-i-marelica#primaryimage","url":"https://opg-kelecic.hr/wp-content/uploads/2025/03/WhatsApp-Slika-2025-03-16-u-18.12.48_30049d09.jpg","contentUrl":"https://opg-kelecic.hr/wp-content/uploads/2025/03/WhatsApp-Slika-2025-03-16-u-18.12.48_30049d09.jpg","width":1200,"height":1600},{"@type":"BreadcrumbList","@id":"https://opg-kelecic.hr/?product=breskva-i-marelica#breadcrumb","itemListElement":[{"@type":"ListItem","position":1,"name":"Početna stranica","item":"https://opg-kelecic.hr/"},{"@type":"ListItem","position":2,"name":"Proizvodi","item":"https://opg-kelecic.hr/?page_id=403"},{"@type":"ListItem","position":3,"name":"Breskva i marelica"}]},{"@type":"WebSite","@id":"https://opg-kelecic.hr/#website","url":"https://opg-kelecic.hr/","name":"OPG Kelečić","description":"Obiteljsko poljoprivredno gospodarstvo Kelečić","publisher":{"@id":"https://opg-kelecic.hr/#organization"},"potentialAction":[{"@type":"SearchAction","target":{"@type":"EntryPoint","urlTemplate":"https://opg-kelecic.hr/?s={search_term_string}"},"query-input":{"@type":"PropertyValueSpecification","valueRequired":true,"valueName":"search_term_string"}}],"inLanguage":"hr"},{"@type":"Organization","@id":"https://opg-kelecic.hr/#organization","name":"OPG Kelečić","url":"https://opg-kelecic.hr/","logo":{"@type":"ImageObject","inLanguage":"hr","@id":"https://opg-kelecic.hr/#/schema/logo/image/","url":"https://opg-kelecic.hr/wp-content/uploads/2015/03/cropped-logo.jpg","contentUrl":"https://opg-kelecic.hr/wp-content/uploads/2015/03/cropped-logo.jpg","width":684,"height":290,"caption":"OPG Kelečić"},"image":{"@id":"https://opg-kelecic.hr/#/schema/logo/image/"},"sameAs":["https://www.facebook.com/p/OPG-Kelei-100057955245978/?locale=hr_HR&_rdr"]}]}</script>
<!-- / Yoast SEO plugin. -->

Breskva i marelica - OPG Kelečić

Džem od Breskve i marelice.

OPG Kelečić

Početna stranica

Obiteljsko poljoprivredno gospodarstvo Kelečić
