{"id":119,"date":"2014-04-01T20:31:08","date_gmt":"2014-04-01T19:31:08","guid":{"rendered":"http:\/\/opg-kelecic.hr\/?page_id=119"},"modified":"2025-02-26T13:38:53","modified_gmt":"2025-02-26T12:38:53","slug":"trnina","status":"publish","type":"page","link":"https:\/\/opg-kelecic.hr\/?page_id=119","title":{"rendered":"Trnina"},"content":{"rendered":"<p>divlja vo\u0107ka puna zdravlja<\/p>\n<p>Trnina (Prunus spinosa) poznata je jo\u0161 i pod nazivima crni grm, trnjina, trnavka, divlja \u0161ljiva, grmulja, kukinja i trn. Raste samoniklo kao gusto razgranat grm s trnovitim ograncima, do visine od pet, rijetko do \u0161est metara. Ima razmjerno malene listove, a mnogobrojni sitni bijeli cvjetovi stoje pojedina\u010dno ili po par njih zajedno i prekrivaju gran\u010dice grma prije nego trnina prolista. Cvjeta u travnju i svibnju. Plod trnine je tamno plavkasta, zamagljena, okrugla ko\u0161tunica promjera 1-1.5 centimetara, iznutra mesnata i zelene boje.<\/p>\n<p>Plodovi po\u010dinju dozrijevati u kolovozu, ali znaju ostati na stablu i zimi jer se \u010dvrsto dr\u017ee na granama. Naj\u010de\u0161\u0107e se beru prezreli (u prosincu) jer su najukusniji kada nakon \u010de\u0161\u0107eg promrzavanja uslijed jesenskih mrazova izgube trpak i ste\u017eu\u0107i okus. Takvi plodovi sadr\u017ee manje kiseline, a vi\u0161e \u0161e\u0107era. U ljekovite svrhe koriste se plodovi i mladi listovi, a najvi\u0161e cvjetovi. U plodu i kori ima tanina i gorkih tvari, u stabljici i li\u0161\u0107u ima kalija, kalcija i flavonskih heteroida, a u plodu ima pektina, jabu\u010dne i cijanovodi\u010dne kiseline, kao i vitamina C. Za trninu ka\u017eu da sadr\u017ei pregr\u0161t antioksidanasa. Trnina poma\u017ee kod tegoba sa \u017eelucem, pove\u0107ava apetit, blagi je diuretik. \u010cisti krv i odli\u010dno je sredstvo za pra\u017enjenje crijeva i izlu\u010divanje znoja i mokra\u0107e. Poma\u017ee i kod gihta.<\/p>\n<p>Plodovi trnine imaju blago laksativno, a pripravci od cvjetova trnine diureti\u010dko djelovanje pa ih mo\u017eemo na\u0107i u sastavu raznih \u010dajeva za mr\u0161avljenje i \u010di\u0161\u0107enje krvi te za \u010dajeve kod oboljenja bubrega i mokra\u0107nog mjehura. Od osu\u0161enih plodova dobiva se vrlo ukusan \u010daj. Kompot od jabuka, kru\u0161aka ili \u0161ljiva biti \u0107e ukusniji i ljekovitiji ako mu dodamo \u017elicu osu\u0161enih plodova trnine.<\/p>\n","protected":false},"excerpt":{"rendered":"<p>divlja vo\u0107ka puna zdravlja Trnina (Prunus spinosa) poznata je jo\u0161 i pod nazivima crni grm, trnjina, trnavka, divlja \u0161ljiva, grmulja, kukinja i trn. Raste samoniklo kao gusto razgranat grm s trnovitim ograncima, do visine od pet, rijetko do \u0161est metara. Ima razmjerno malene listove, a mnogobrojni sitni bijeli cvjetovi stoje pojedina\u010dno ili po par njih [&hellip;]<\/p>\n","protected":false},"author":1,"featured_media":0,"parent":33,"menu_order":0,"comment_status":"closed","ping_status":"closed","template":"","meta":{"footnotes":""},"class_list":["post-119","page","type-page","status-publish","hentry"],"yoast_head":"<!-- This site is optimized with the Yoast SEO plugin v25.2 - https:\/\/yoast.com\/wordpress\/plugins\/seo\/ -->\n<title>Trnina - OPG Kele\u010di\u0107 OPG Kele\u010di\u0107<\/title>\n<meta name=\"robots\" content=\"index, follow, max-snippet:-1, max-image-preview:large, max-video-preview:-1\" \/>\n<link rel=\"canonical\" href=\"https:\/\/opg-kelecic.hr\/?page_id=119\" \/>\n<meta property=\"og:locale\" content=\"hr_HR\" \/>\n<meta property=\"og:type\" content=\"article\" \/>\n<meta property=\"og:title\" content=\"Trnina - OPG Kele\u010di\u0107 OPG Kele\u010di\u0107\" \/>\n<meta property=\"og:description\" content=\"divlja vo\u0107ka puna zdravlja Trnina (Prunus spinosa) poznata je jo\u0161 i pod nazivima crni grm, trnjina, trnavka, divlja \u0161ljiva, grmulja, kukinja i trn. Raste samoniklo kao gusto razgranat grm s trnovitim ograncima, do visine od pet, rijetko do \u0161est metara. Ima razmjerno malene listove, a mnogobrojni sitni bijeli cvjetovi stoje pojedina\u010dno ili po par njih [&hellip;]\" \/>\n<meta property=\"og:url\" content=\"https:\/\/opg-kelecic.hr\/?page_id=119\" \/>\n<meta property=\"og:site_name\" content=\"OPG Kele\u010di\u0107\" \/>\n<meta property=\"article:publisher\" content=\"https:\/\/www.facebook.com\/p\/OPG-Kelei-100057955245978\/?locale=hr_HR&amp;_rdr\" \/>\n<meta property=\"article:modified_time\" content=\"2025-02-26T12:38:53+00:00\" \/>\n<meta name=\"twitter:card\" content=\"summary_large_image\" \/>\n<meta name=\"twitter:label1\" content=\"Procijenjeno vrijeme \u010ditanja\" \/>\n\t<meta name=\"twitter:data1\" content=\"2 minute\" \/>\n<script type=\"application\/ld+json\" class=\"yoast-schema-graph\">{\"@context\":\"https:\/\/schema.org\",\"@graph\":[{\"@type\":\"WebPage\",\"@id\":\"https:\/\/opg-kelecic.hr\/?page_id=119\",\"url\":\"https:\/\/opg-kelecic.hr\/?page_id=119\",\"name\":\"Trnina - OPG Kele\u010di\u0107 OPG Kele\u010di\u0107\",\"isPartOf\":{\"@id\":\"https:\/\/opg-kelecic.hr\/#website\"},\"datePublished\":\"2014-04-01T19:31:08+00:00\",\"dateModified\":\"2025-02-26T12:38:53+00:00\",\"breadcrumb\":{\"@id\":\"https:\/\/opg-kelecic.hr\/?page_id=119#breadcrumb\"},\"inLanguage\":\"hr\",\"potentialAction\":[{\"@type\":\"ReadAction\",\"target\":[\"https:\/\/opg-kelecic.hr\/?page_id=119\"]}]},{\"@type\":\"BreadcrumbList\",\"@id\":\"https:\/\/opg-kelecic.hr\/?page_id=119#breadcrumb\",\"itemListElement\":[{\"@type\":\"ListItem\",\"position\":1,\"name\":\"Po\u010detna stranica\",\"item\":\"https:\/\/opg-kelecic.hr\/\"},{\"@type\":\"ListItem\",\"position\":2,\"name\":\"O biljkama\",\"item\":\"https:\/\/opg-kelecic.hr\/?page_id=33\"},{\"@type\":\"ListItem\",\"position\":3,\"name\":\"Trnina\"}]},{\"@type\":\"WebSite\",\"@id\":\"https:\/\/opg-kelecic.hr\/#website\",\"url\":\"https:\/\/opg-kelecic.hr\/\",\"name\":\"OPG Kele\u010di\u0107\",\"description\":\"Obiteljsko poljoprivredno gospodarstvo Kele\u010di\u0107\",\"publisher\":{\"@id\":\"https:\/\/opg-kelecic.hr\/#organization\"},\"potentialAction\":[{\"@type\":\"SearchAction\",\"target\":{\"@type\":\"EntryPoint\",\"urlTemplate\":\"https:\/\/opg-kelecic.hr\/?s={search_term_string}\"},\"query-input\":{\"@type\":\"PropertyValueSpecification\",\"valueRequired\":true,\"valueName\":\"search_term_string\"}}],\"inLanguage\":\"hr\"},{\"@type\":\"Organization\",\"@id\":\"https:\/\/opg-kelecic.hr\/#organization\",\"name\":\"OPG Kele\u010di\u0107\",\"url\":\"https:\/\/opg-kelecic.hr\/\",\"logo\":{\"@type\":\"ImageObject\",\"inLanguage\":\"hr\",\"@id\":\"https:\/\/opg-kelecic.hr\/#\/schema\/logo\/image\/\",\"url\":\"https:\/\/opg-kelecic.hr\/wp-content\/uploads\/2015\/03\/cropped-logo.jpg\",\"contentUrl\":\"https:\/\/opg-kelecic.hr\/wp-content\/uploads\/2015\/03\/cropped-logo.jpg\",\"width\":684,\"height\":290,\"caption\":\"OPG Kele\u010di\u0107\"},\"image\":{\"@id\":\"https:\/\/opg-kelecic.hr\/#\/schema\/logo\/image\/\"},\"sameAs\":[\"https:\/\/www.facebook.com\/p\/OPG-Kelei-100057955245978\/?locale=hr_HR&_rdr\"]}]}<\/script>\n<!-- \/ Yoast SEO plugin. -->","yoast_head_json":{"title":"Trnina - OPG Kele\u010di\u0107 OPG Kele\u010di\u0107","robots":{"index":"index","follow":"follow","max-snippet":"max-snippet:-1","max-image-preview":"max-image-preview:large","max-video-preview":"max-video-preview:-1"},"canonical":"https:\/\/opg-kelecic.hr\/?page_id=119","og_locale":"hr_HR","og_type":"article","og_title":"Trnina - OPG Kele\u010di\u0107 OPG Kele\u010di\u0107","og_description":"divlja vo\u0107ka puna zdravlja Trnina (Prunus spinosa) poznata je jo\u0161 i pod nazivima crni grm, trnjina, trnavka, divlja \u0161ljiva, grmulja, kukinja i trn. Raste samoniklo kao gusto razgranat grm s trnovitim ograncima, do visine od pet, rijetko do \u0161est metara. Ima razmjerno malene listove, a mnogobrojni sitni bijeli cvjetovi stoje pojedina\u010dno ili po par njih [&hellip;]","og_url":"https:\/\/opg-kelecic.hr\/?page_id=119","og_site_name":"OPG Kele\u010di\u0107","article_publisher":"https:\/\/www.facebook.com\/p\/OPG-Kelei-100057955245978\/?locale=hr_HR&_rdr","article_modified_time":"2025-02-26T12:38:53+00:00","twitter_card":"summary_large_image","twitter_misc":{"Procijenjeno vrijeme \u010ditanja":"2 minute"},"schema":{"@context":"https:\/\/schema.org","@graph":[{"@type":"WebPage","@id":"https:\/\/opg-kelecic.hr\/?page_id=119","url":"https:\/\/opg-kelecic.hr\/?page_id=119","name":"Trnina - OPG Kele\u010di\u0107 OPG Kele\u010di\u0107","isPartOf":{"@id":"https:\/\/opg-kelecic.hr\/#website"},"datePublished":"2014-04-01T19:31:08+00:00","dateModified":"2025-02-26T12:38:53+00:00","breadcrumb":{"@id":"https:\/\/opg-kelecic.hr\/?page_id=119#breadcrumb"},"inLanguage":"hr","potentialAction":[{"@type":"ReadAction","target":["https:\/\/opg-kelecic.hr\/?page_id=119"]}]},{"@type":"BreadcrumbList","@id":"https:\/\/opg-kelecic.hr\/?page_id=119#breadcrumb","itemListElement":[{"@type":"ListItem","position":1,"name":"Po\u010detna stranica","item":"https:\/\/opg-kelecic.hr\/"},{"@type":"ListItem","position":2,"name":"O biljkama","item":"https:\/\/opg-kelecic.hr\/?page_id=33"},{"@type":"ListItem","position":3,"name":"Trnina"}]},{"@type":"WebSite","@id":"https:\/\/opg-kelecic.hr\/#website","url":"https:\/\/opg-kelecic.hr\/","name":"OPG Kele\u010di\u0107","description":"Obiteljsko poljoprivredno gospodarstvo Kele\u010di\u0107","publisher":{"@id":"https:\/\/opg-kelecic.hr\/#organization"},"potentialAction":[{"@type":"SearchAction","target":{"@type":"EntryPoint","urlTemplate":"https:\/\/opg-kelecic.hr\/?s={search_term_string}"},"query-input":{"@type":"PropertyValueSpecification","valueRequired":true,"valueName":"search_term_string"}}],"inLanguage":"hr"},{"@type":"Organization","@id":"https:\/\/opg-kelecic.hr\/#organization","name":"OPG Kele\u010di\u0107","url":"https:\/\/opg-kelecic.hr\/","logo":{"@type":"ImageObject","inLanguage":"hr","@id":"https:\/\/opg-kelecic.hr\/#\/schema\/logo\/image\/","url":"https:\/\/opg-kelecic.hr\/wp-content\/uploads\/2015\/03\/cropped-logo.jpg","contentUrl":"https:\/\/opg-kelecic.hr\/wp-content\/uploads\/2015\/03\/cropped-logo.jpg","width":684,"height":290,"caption":"OPG Kele\u010di\u0107"},"image":{"@id":"https:\/\/opg-kelecic.hr\/#\/schema\/logo\/image\/"},"sameAs":["https:\/\/www.facebook.com\/p\/OPG-Kelei-100057955245978\/?locale=hr_HR&_rdr"]}]}},"featured_image_src":null,"featured_image_src_square":null,"_links":{"self":[{"href":"https:\/\/opg-kelecic.hr\/index.php?rest_route=\/wp\/v2\/pages\/119","targetHints":{"allow":["GET"]}}],"collection":[{"href":"https:\/\/opg-kelecic.hr\/index.php?rest_route=\/wp\/v2\/pages"}],"about":[{"href":"https:\/\/opg-kelecic.hr\/index.php?rest_route=\/wp\/v2\/types\/page"}],"author":[{"embeddable":true,"href":"https:\/\/opg-kelecic.hr\/index.php?rest_route=\/wp\/v2\/users\/1"}],"replies":[{"embeddable":true,"href":"https:\/\/opg-kelecic.hr\/index.php?rest_route=%2Fwp%2Fv2%2Fcomments&post=119"}],"version-history":[{"count":1,"href":"https:\/\/opg-kelecic.hr\/index.php?rest_route=\/wp\/v2\/pages\/119\/revisions"}],"predecessor-version":[{"id":120,"href":"https:\/\/opg-kelecic.hr\/index.php?rest_route=\/wp\/v2\/pages\/119\/revisions\/120"}],"up":[{"embeddable":true,"href":"https:\/\/opg-kelecic.hr\/index.php?rest_route=\/wp\/v2\/pages\/33"}],"wp:attachment":[{"href":"https:\/\/opg-kelecic.hr\/index.php?rest_route=%2Fwp%2Fv2%2Fmedia&parent=119"}],"curies":[{"name":"wp","href":"https:\/\/api.w.org\/{rel}","templated":true}]}}